git of 8/(-6) + t/q?
4
Let h(g) = -2110*g + 300. Let c(t) = -422*t + 60. Let d(o) = 14*c(o) - 3*h(o). Let b be d(-12). What is the units digit of -3*1/(-12) + b/(-48)?
7
Let u be (2 + 4)/(-2) - -121. Let g = -66 + u. Let m = -37 + g. What is the tens digit of m?
1
Let z = 3118 + 1994. What is the hundreds digit of z?
1
Suppose 0*k + 2*k = 238. Suppose 0 = 4*a + 3*z + 223, -3*a + z - 93 - 84 = 0. Let s = k + a. What is the tens digit of s?
6
Let v be 4/5*(-12 + 7). Let q be (-3)/(-4) + ((-25)/v - 2). Suppose 8*z + q*g - 910 = 3*z, -5*g - 194 = -z. What is the tens digit of z?
8
Let i = 266 - 775. Let b = i - -1062. What is the tens digit of b?
5
Let j = -8056 + 15737. What is the hundreds digit of j?
6
Let b = -4 - -8. Suppose -53*d + 142 = -70. Suppose 388 + b = d*z. What is the tens digit of z?
9
Let j(n) = 12918*n + 4686. What is the units digit of j(6)?
4
Let d = -477 - -476. What is the hundreds digit of 3 - ((-80)/200)/(d/(-1385))?
5
Let q be (-30)/(-3)*(-13)/(-26). Suppose -q*g - 994 = -4*j, -835 = -5*j - g + 393. What is the hundreds digit of j?
2
Let a = 68 - 48. Let j(t) = 5*t - 12. Let b be j(a). Suppose 25 = -7*f + b. What is the units digit of f?
9
Let a = 386 - 384. Suppose 0 = -a*g + 2*v + 694, -3*g + 1033 = -0*v + 5*v. What is the tens digit of g?
4
Suppose -170 = 4*d - 570. Suppose 1228 + d = 16*z. Let q = 119 - z. What is the tens digit of q?
3
Let d(o) = o + 11. Let g be d(-7). Suppose 10*r = g*r + 30. Suppose -3*f = -7*f + 16, -4*f + 506 = r*q. What is the tens digit of q?
9
Let j(h) = -h**3 - 41*h**2 - 4*h - 127. Let c be j(-43). Let d = -2657 + c. What is the hundreds digit of d?
0
Let c = 242 - 238. Suppose 5*y - 710 = -c*m, -5*m + 0*m = -4*y + 609. What is the tens digit of y?
4
Let r = 4919 - 4595. What is the tens digit of r?
2
Let m be -74*((-9)/12 + 1)*-6. Let i = m - -263. What is the hundreds digit of i?
3
Let u = -495 + 500. Suppose 0 = s - y - 1107, 3*y - y - 5521 = -u*s. What is the units digit of s?
5
Suppose 31*f = 72939 + 248996. What is the thousands digit of f?
0
Let d(u) be the third derivative of u**7/560 + u**6/360 + 3*u**5/10 - 5*u**2. Let c(q) be the third derivative of d(q). What is the units digit of c(3)?
9
Let a = 38780 + -27117. What is the tens digit of a?
6
What is the thousands digit of ((-2902464)/(-1152))/((-2)/(-52))?
5
Let b = -1340 + 1929. Let z = b + -519. What is the tens digit of z?
7
Let f be ((-33888)/72)/((-6)/9 - 0). Let i = f - 431. What is the units digit of i?
5
Suppose 0 = -3*c - 8*c + 2167. Suppose 59 = 16*y - c. Suppose -14*m + y*m = 188. What is the units digit of m?
4
Suppose 2*z - 11 + 4 = p, -5*z = -25. Suppose -2*j = 5*v - 114, -p*v = -v - 4*j - 36. Suppose 177 = -v*o + 25*o. What is the tens digit of o?
5
Suppose -f + 15 = -4*u, -5*f - 19 + 2 = 3*u. Let v(b) = -13*b. Let k be v(f). Suppose -k - 67 = -c. What is the tens digit of c?
8
Let f(p) = p**3 + 12*p**2 - 26*p - 20. Let u be f(-12). Let x = 396 + u. What is the tens digit of x?
8
Suppose -147*j + 145*j + 65686 = 0. What is the thousands digit of j?
2
Let t(n) = n**3 - n**2 + n + 30. Let s be t(-3). Let j(o) = 17*o**2 + 10*o - 76. What is the tens digit of j(s)?
1
Let b = 51087 - 28654. What is the hundreds digit of b?
4
Let j(k) = -2*k + 353. Let x be j(-33). Let t = x + 414. What is the units digit of t?
3
Let m(g) = 35*g**3 - 2*g**2 + 3*g - 3. Let a be m(2). Suppose 0 = -12*j + a + 589. Suppose -2*s = 4*i - j, i + 2 + 3 = 0. What is the units digit of s?
6
Let k = 2628 - 1456. Suppose -15*p + k + 2953 = 0. What is the units digit of p?
5
What is the hundreds digit of 9360 + 24/(-108)*-36?
3
Let j = -59 + 64. Suppose j + 1 = v. Suppose -m = -5*u, -v*m + 3*m - 5*u + 80 = 0. What is the tens digit of m?
2
Let c be (1 - -1)*(-253)/(-22). Let w be ((-276)/c)/(3/(-4)). What is the units digit of 110 + (w/10 - (-30)/(-50))?
1
Let d(j) = -2*j**3 + 15*j**2 - 34*j + 7. Let p(c) = 10*c**3 - 76*c**2 + 173*c - 36. Let r(i) = -11*d(i) - 2*p(i). What is the tens digit of r(7)?
4
Suppose 77 = -2*s - 0*d - 5*d, s - 4*d + 6 = 0. What is the units digit of (-1 - (s + 5))*(-117)/(-12)?
5
Let s(l) = 5*l**2 - 5. Suppose 0 = -2*i + 4*q - 2*q - 20, -2*q = -i - 14. What is the units digit of s(i)?
5
Suppose -654 = b - 4*b. Let n(r) = -8*r**2 - 35*r - 128. Let u be n(-5). Let s = b + u. What is the units digit of s?
5
Let s = -8203 + 20217. What is the ten thousands digit of s?
1
Let v = 149 + -152. What is the hundreds digit of (-1 + (-1244)/(-8))*(-4)/v?
2
Suppose 3*j + 5*r - 10362 = 2455, 0 = -j + 3*r + 4263. Suppose -3*l + 1528 = 4*n - 1886, -5*n - 3*l = -j. What is the tens digit of n?
5
What is the units digit of 23/230 + (-63299)/(-10)?
0
Let p be 5*10415/175 - (-6)/14. Suppose -m - f + p = 0, -1085 - 102 = -4*m + f. What is the hundreds digit of m?
2
Suppose 631821 + 1022410 = 228*w - 195305. What is the hundreds digit of w?
1
Suppose 5*i + 15*j - 11*j = -636, 0 = i - 4*j + 132. Let q = -102 - i. What is the tens digit of q?
2
Let o(w) = -31*w**3 + w**2 - w - 6. Let v be o(3). Let x = v - -1826. What is the hundreds digit of x?
9
Suppose -5*v + 45405 = 5*g, -11*g = 4*v - 10*g - 36303. What is the tens digit of v?
7
Let c(o) = -8*o**2 + 7*o + 2. Let z(m) = 25*m**2 - 22*m - 7. Let d(i) = -7*c(i) - 2*z(i). Let p = -1696 + 1700. What is the tens digit of d(p)?
7
Let v = 12405 - 10018. What is the units digit of v?
7
Let q(i) = i**3 + 42*i**2 + 24*i + 105. What is the tens digit of q(-18)?
4
Let p = 4500 + -3007. What is the tens digit of p?
9
Suppose 0 = a + 2*a - 6. Let x be -2 - (0 + (3 - a)) - -13. Let t = 18 + x. What is the units digit of t?
8
Suppose -4*c + 1540 = -2*c - w, -2*w = c - 780. Let f = c - 80. What is the tens digit of f?
9
What is the thousands digit of -27*(-398904)/288 + 2/(-8)?
7
Let j = 429 - 91. Let u be (2 - (0 + 3))*(7 - j). Suppose -5*g + 523 = -2*v, 0 = 3*g - v + 17 - u. What is the hundreds digit of g?
1
Suppose 59*z - 2888 = 78*z. Suppose 0 = -0*o - 3*o + 684. Let f = o + z. What is the tens digit of f?
7
Let i(h) = 0*h + 10*h - 9*h + 990 + 3*h. What is the tens digit of i(0)?
9
Suppose -1127*j + 1267*j - 7666960 = 0. What is the thousands digit of j?
4
Let g(m) = 2*m**2 + 14*m - 25. Let q be g(-14). Suppose -q - 957 = -12*c. Let r = c - 71. What is the tens digit of r?
2
Let x(k) = 2492*k + 754. What is the hundreds digit of x(5)?
2
Let y(z) = z**3 - 10*z**2 - 11*z - 12. Let a be y(11). Let b = a - -19. Suppose -11*n + b*n = -92. What is the tens digit of n?
2
Let z(w) = -2*w + 11*w - w**2 - w. Let m be z(8). Suppose -6*d + 5*d + 27 = m. What is the tens digit of d?
2
Suppose -5*o = u + 113, 4*o = -2*u + 7*u + 565. Let w = u - -214. Let y = w + -66. What is the tens digit of y?
3
Let x(b) be the second derivative of 9*b**4/2 - b**3 - 11*b**2/2 - 152*b. What is the tens digit of x(-4)?
7
Suppose -5*f - 2*y + 30761 = 0, 2*f - 20*y = -19*y + 12308. What is the hundreds digit of f?
1
Let c be (63/(-2))/(12/(-24)). Suppose 62*m + 149 = c*m. What is the units digit of m?
9
Let k be ((-23)/(-138))/((-2)/(-24)). What is the units digit of 8 - (-2 + k + -179)?
7
Let l = -106 + 127. What is the hundreds digit of 2/(-12)*-4 - (-7000)/l?
3
Suppose 4*v + 2 = 2*t, 5*v + 5*t - 4 = 1. Let b be (3 + -5 - -5)*(1 + v). What is the units digit of 15/b + 0/(-1)?
5
Let y be (-3)/18 + (6 - (-830)/(-60)). What is the tens digit of (-4950)/y - -1 - 32/(-128)?
2
Let h = 69980 + -30449. What is the hundreds digit of h?
5
Suppose -11*l + 22*l - 3894 = 0. Suppose 141 = -d + l. What is the hundreds digit of d?
2
Let t(q) = 560*q**2 - 6*q + 10. Let z(f) = f**2 + f - 2. Let m(r) = t(r) + 4*z(r). What is the hundreds digit of m(-1)?
5
Let l(b) = 56 - 7 + 33*b - 26*b + 4*b + 50*b. What is the hundreds digit of l(7)?
4
Let b(y) = 3*y**3 - 3*y**2 + 2*y + 1. Let a be -1*(114/(-95))/(4/(-10)). Let c be b(a). What is the units digit of (4/(-8))/((-1)/(-2))*c?
3
Suppose 35*n = -113*n + 637493 - 102473. Let i = 17 - -1. What is the hundreds digit of n/i + 1/6?
2
Suppose -47*y - 44077 + 290298 + 28776 = 0. What is the tens digit of y?
5
Let h(l) = 8*l**2 + 371*l - 88. What is the units digit of h(-96)?
4
Let c(z) = z**3 + 18*z**2 + 13*z - 16. Let x be c(-11). Suppose -x = -5*o - 198. Let f = -27 + o. What is the units digit of f?
1
Let w(x)